pose 61*y - 32 = 53*y. Suppose 0*r = 3*r + y*d - 605, 2*r = -d + 410. What are the prime factors of r?
3, 23
Let k(x) = -x**3 - 18*x**2 - 19*x - 30. Let d be k(-17). Suppose 5*m = -d*a + 2002, -a = -3*a + 4*m + 1014. What are the prime factors of a?
503
Suppose 0 = -10*v + 4*v + 12. Let y(z) = 6*z**3 - z**2 - 3*z + 3. List the prime factors of y(v).
41
Let q = -38362 + 54609. List the prime factors of q.
7, 11, 211
Suppose 12*o - 271 = 41. List the prime factors of -32 + o - (0 + -566).
2, 5, 7
Let n(v) = 4126*v + 47. Let k be n(3). Suppose -24*f - f = -k. What are the prime factors of f?
7, 71
Suppose 9*d = -3*d + 24. Suppose 10 = -2*w + 5*c, -5*c = -3*w - d*w - 25. Let a = 55 + w. What are the prime factors of a?
2, 5
Let n be (-105)/140 + -1 + 118/8. Let k = 1960 + -756. Suppose -j = n*j - k. What are the prime factors of j?
2, 43
Suppose -739*h + 740*h - 45 = 0. List the prime factors of -5 + ((-6)/(-2))/(h/25080).
1667
Let c(u) = -13*u. Let w be c(-4). Let z be (-52 + 0 - 1)*-1. Suppose z*s - w*s = 66. What are the prime factors of s?
2, 3, 11
Let n be (-30)/(-9)*12/(-10). Let q(u) = -540*u - 343. What are the prime factors of q(n)?
23, 79
Suppose 5*t + j = 79, -j + 34 = -t + 3*t. Let r = 25 + -7. Suppose -r*l + t*l + 231 = 0. List the prime factors of l.
7, 11
Suppose 41*x = -5*x - 17*x + 232281. List the prime factors of x.
3, 1229
Let f(y) = y**2 - 5*y. Let o be f(5). Suppose o = -57*k + 55*k + 4. Suppose 3*x - 4*a = 34, 0 = -k*x - x + 3*a + 30. What are the prime factors of x?
2, 3
Let b = 16163 - -5228. Suppose 22*x = b - 2603. List the prime factors of x.
2, 7, 61
Suppose -3*u = i + 12, i - 3*i - 69 = -3*u. List the prime factors of (-752)/(-18) + (-6)/i.
2, 3, 7
What are the prime factors of 5*(102627/45 + 5)?
2, 2857
Suppose -16 = -2*g + 24. Suppose -g*r + 24*r - 672 = 0. Suppose 15*s - 21*s + r = 0. List the prime factors of s.
2, 7
Suppose h - 5*c = -3*h + 856, -5*h + c + 1091 = 0. Let x = -90 + h. Suppose -a - n + x = 0, 4*n + 125 - 21 = a. List the prime factors of a.
2, 31
Suppose -2*r = 4*w + w + 10, r + 5*w = -10. Suppose -13*p + 9*p + 32 = r. Suppose p*g = 4*g + 400. What are the prime factors of g?
2, 5
Let t(v) = -v**3 + 15*v**2 + 15*v + 15. Let x be t(16). Let a(n) = -3*n**2 - 69*n + 15. Let z be a(-23). List the prime factors of (44/x)/((-6)/z).
2, 5, 11
Let s be (-21 - -17) + (2 - 402 - -2). Let k = s - -591. List the prime factors of k.
3, 7
Suppose 2*h = -4*x + 292, 4*x - 440 = -3*h - x. Let b be 5/(20/21) + 3/(-12). Suppose 5*g = -5*a + 190, b*g = a + 4*a - h. List the prime factors of a.
2, 17
Let t be 1*243/(-6) + (-6)/4. Let l = 360 + t. What are the prime factors of l?
2, 3, 53
Suppose -2*c = 2*b - 6, 3 = 2*c + b - 2. Suppose -97 = c*r + 5. Let o = -8 - r. List the prime factors of o.
43
Let b = -958 + 1377. What are the prime factors of b?
419
Suppose 278*x - 254*x - 119705 = 279079. List the prime factors of x.
2, 31, 67
Suppose 8088 = 34*q - 13332. What are the prime factors of q?
2, 3, 5, 7
Let t be (-88)/(-24) - (-4)/(-6). Suppose 5*w - 3*r - 176 = 566, -t*r + 718 = 5*w. Let d = w - 20. List the prime factors of d.
2, 3, 7
Suppose 5*i = -3*x + 185, 0 = -3*i - i + 2*x + 170. Suppose 4*l = -2*b - i, 0 = -5*l - 5*b + 4 - 54. What are the prime factors of (8*1)/(l/625*-5)?
2, 5
Let v = -103 + 109. List the prime factors of ((-207)/v)/((-18)/348).
23, 29
What are the prime factors of ((-14718)/(-44))/(1/30)?
3, 5, 223
Let u(y) = -6*y - 34 - 24 + 13 + 51*y**2 + 14*y. What are the prime factors of u(4)?
11, 73
Let r(o) = -541*o + 35. Let h be r(3). Let g = -1020 - h. What are the prime factors of g?
2, 71
Let x(z) = 47*z**3 - 5*z**2 + z + 6. Let b(u) = -u**3. Let f(p) = 4*b(p) + x(p). List the prime factors of f(3).
3, 5
Suppose n + 3*w - 19211 = 6442, -n = -w - 25649. List the prime factors of n.
2, 3, 5, 19
Suppose -4*z = -6*z + 4. Suppose 3*n - 103 = -z*o - 28, -2*n + 3*o + 63 = 0. List the prime factors of n/(-6)*(-22 + 0).
3, 11
Let g(v) be the third derivative of 0 - 5/2*v**3 + 0*v - 45*v**2 - 7/24*v**4 + 5/6*v**5. List the prime factors of g(-2).
199
Suppose -4*m + 5*v + 26940 = 0, 5107 = m + 2*v - 1641. What are the prime factors of m?
2, 5, 337
Suppose -51*h - 67260 = -61*h. List the prime factors of h.
2, 3, 19, 59
Let l(g) = -588*g**3 + 4*g**2 - 86*g - 382. List the prime factors of l(-4).
2, 19, 991
Let h be (-35)/(-14) - (-471)/2. Suppose 0 = -5*v + 6*v - h. What are the prime factors of v?
2, 7, 17
Let v(k) = 12*k**2 - 20*k + 20. Let s be (7 - (-110)/(-15))*21. What are the prime factors of v(s)?
2, 11, 17
Suppose 63*q + 495 = 52*q. List the prime factors of (28/21)/((-227)/q - 5).
2, 3, 5
Let i be (-5)/(-15)*1 - (-1966)/6. Suppose -7*h + i = -3*h. Suppose 0 = -4*k + 270 - h. What are the prime factors of k?
47
Suppose -29 - 21 = -5*x. Suppose -x*r + 11*r = 144. List the prime factors of r.
2, 3
Let z = -2263 - -3196. What are the prime factors of z?
3, 311
Let j = -33067 + 56268. List the prime factors of j.
23201
Let t = -82 - -105. Let l(x) = -2*x**3 - t*x**2 - 10*x - 20*x**2 - 13 + 34*x**2 + 0*x**3. List the prime factors of l(-6).
5, 31
Let f(n) = 4*n**2 - 72*n + 7. Let q be f(18). List the prime factors of (0 - -209) + -6 + q.
2, 3, 5, 7
Suppose -5*z + 1 = -5*d + 6, 0 = -3*d + 4*z + 2. Suppose -d*v - 37487 = -6887. What are the prime factors of (1 - (-11)/(-9)) + v/(-324)?
47
What are the prime factors of (207*4/54)/(6/4599)?
7, 23, 73
Let j(z) = z**2 + 8*z - 12. Let s be j(-9). Let o be -2 - ((-6666)/8 - s/12). Suppose -11*t + 1270 = -o. List the prime factors of t.
191
Let s(y) = 63*y**2 - 87*y + 53. List the prime factors of s(5).
1193
Let t = 14889 - -7303. What are the prime factors of t?
2, 19, 73
Let q(k) = -k**3 + 8*k**2 - 10 + 9*k - 15 + 45 - 12. List the prime factors of q(-5).
2, 3
Let m = -2058 + 2060. Let v = -13 - -9. List the prime factors of (3/(-6))/(m*v/3440).
5, 43
Suppose -3*w - 3 + 9 = 0. Suppose 5*t = -w*b - 1270, 0 = 4*t + t - 3*b + 1270. Let q = -42 - t. List the prime factors of q.
2, 53
Let b(q) = 2*q**3 + 2*q**2 - 12*q + 16. Let k be b(2). Suppose -k*u + 4*u + 804 = 0. List the prime factors of u.
67
Let u(l) = -15*l**3 + 19*l**2 + 35*l + 218. List the prime factors of u(-8).
2, 7, 631
Suppose 143 = 14*k - 53. Let n(y) = 56*y - 24. What are the prime factors of n(k)?
2, 5, 19
Let l(b) = 205*b**3 + 3*b**2 - b + 15. List the prime factors of l(4).
3, 23, 191
Suppose -u - 2*n - 27 = -21, u = n + 6. Let y(p) = 489*p - 84. List the prime factors of y(u).
2, 3, 149
Let u be ((-3830)/25)/((-11)/5 - -2). Suppose -2*m + 8 = -u. List the prime factors of m.
3, 43
Let i = 473 + -469. Suppose 0 = -5*o + 3*h + 1488, 0 = 4*o + i*h - 2*h - 1208. List the prime factors of o.
2, 3, 5
Let n = -335 - -345. Suppose -n*f + 908 = -1292. List the prime factors of f.
2, 5, 11
Let f be (-1 + -1)*(-164)/(-8). Let d = f - -42. What are the prime factors of d/((-1)/(-5)) + -3?
2
Suppose -2*b - 8*b = 0. Suppose b = t, -4*w - 715 = 5*t - 155. Let q = 356 + w. List the prime factors of q.
2, 3
Suppose -509 - 14649 = -53*c. Suppose 0 = -2*k - 2*a + 294, 2*k - 3*a - 759 = -3*k. Let x = c - k. List the prime factors of x.
2, 17
Suppose 78*z = 105*z - 297567. What are the prime factors of z?
103, 107
Suppose -2*q + q - 22 = -t, -2*t - 3*q = -39. Suppose 4*y + 3*v + t = 885, v = 0. What are the prime factors of y?
2, 3
Suppose 4 = 5*d - d. Let q(l) be the first derivative of 35*l**3 - l**2 + 3*l + 19. What are the prime factors of q(d)?
2, 53
Let y(o) = -19*o**2 - o + 4. Let q be y(2). Let b be (-4 + 8 - q) + -4. Suppose 0 = 2*r + r + 5*z - b, -3*r + 5*z + 64 = 0. List the prime factors of r.
23
Suppose -5*g + 26 = -3*g - 3*i, 3*i + 40 = 4*g. Let h(f) = -4*f**2 + 30 - g*f**2 - f**3 + 19*f - 9*f**2 + f**2. What are the prime factors of h(-20)?
2, 5
Suppose 154058 = -29*v + 767089. List the prime factors of v.
21139
Let a = -46 + 61. Let o be (5/a)/((-2)/(-48)). List the prime factors of (6 - o - -4)/(2/105).
3, 5, 7
Let t(w) = 9*w + 2*w**2 - 3*w + 10 + 3*w. Let o(q) = -52*q + 42. Let x be o(1). What are the prime factors of t(x)?
2, 3, 5
Let k(r) = 21*r - 84. Let o(d) = -24*d - 39. Let v be o(-3). List the prime factors of k(v).
3, 7, 29
Suppose -22*w - 42210 = 13*w. Let h = w - -1728. List the pri